 i is divided by y.
6
Suppose -312 = -5*z + 13*s - 15*s, 0 = -5*s + 5. Suppose 0*f = n - 3*f + 1, n - 4*f = 0. Calculate the remainder when z is divided by n + 15*(-12)/(-9).
14
Let r(j) = -19*j**3 + 10*j**2 + 9*j. Calculate the remainder when 308 is divided by r(-1).
8
Let v(s) = 12*s**2 + 5*s**3 - 10*s**2 + 4*s**3 + 4*s + 348 - 10*s**3 + 3*s**3. What is the remainder when v(0) is divided by 25?
23
Suppose 4*c - 8 = -3*s + 5*c, -4*s = 5*c + 2. Calculate the remainder when 6 is divided by s.
0
Let p be 68/(-60) + 2 + 2/15. Let r be (6 + -6)*(-2 + p). Suppose f - 144 - 12 = -4*b, r = -3*f. Calculate the remainder when b is divided by 14.
11
Suppose 64*r + 18 = 65*r. Calculate the remainder when 67 - ((-88)/66)/(4/6) is divided by r.
15
Let r = -11075 + 11081. Calculate the remainder when 2743 is divided by r.
1
What is the remainder when (-3)/2 + 5/2 + 176 is divided by (-1)/(-13) + (-6291)/(-351)?
15
Let u(l) = -224*l + 582. Suppose 4*s + s + 200 = 5*x, 3*s - 15 = 0. Calculate the remainder when u(1) is divided by x.
43
Let w(k) = k**2 + k + 49. What is the remainder when w(0) is divided by (-24)/(-14) + 14520/840?
11
Suppose 2*t = -v + 37 + 33, 3*v = -2*t + 74. Let w be 1 - (0 + -1 - 18). Let k = w - 2. What is the remainder when t is divided by k?
16
Suppose 41*t - 74 = -19 + 27. What is the remainder when 151 is divided by t?
1
Suppose 4*m + 20 = -5*p - 0, -3*m + 39 = -3*p. Let n(t) = -t**2 - 13*t + 13. Calculate the remainder when n(p) is divided by 18.
17
Calculate the remainder when (51/(-2))/(72/864)*-1 is divided by 78.
72
Let y = 398 - 301. Let f(l) = -3*l**2 - l - 1. Let u be f(-3). Calculate the remainder when y is divided by (1*u)/(-27 + 26).
22
Let r = 9306 + -8977. What is the remainder when r is divided by 20?
9
Suppose 49*p - 21252 = 16*p + 5*p. What is the remainder when p is divided by 378?
3
Let d(y) = 253*y + 257. Let j be 4/12 - 1/3. Suppose v + 3*v - 64 = j. What is the remainder when v is divided by d(-1)?
0
What is the remainder when 925 is divided by -8 + 312/(-24) - -941?
5
Let k(t) = -t**3 + 12*t**2 + 11*t + 35. Suppose 3*d + c = 37, -2*d - 2*c = -4*d + 30. Calculate the remainder when k(d) is divided by 1.
0
Suppose 20*s - 12*s = 2456. Suppose -871 - s = -19*m. Let n = 45 - 13. Calculate the remainder when m is divided by n.
30
Let c(d) = d**3 + 36*d**2 - 131*d - 4652. What is the remainder when 1840 is divided by c(-36)?
48
Suppose 3*u = 278 - 269. Calculate the remainder when u/(-24)*-8 - 129/(-1) is divided by 34.
28
Let q = 50 - 44. Suppose -19*l = -20*l - 120. Let t = l + 165. Calculate the remainder when t is divided by q.
3
Suppose -38*g - 3*w - 284 = -42*g, -3*g - 3*w = -171. Suppose -26 = -3*f + 5*r, -12 - 44 = -3*f - r. Calculate the remainder when g is divided by f.
14
What is the remainder when (1 + (-3)/(-2))*(-27)/((-2700)/24560) is divided by 192?
38
Let i(p) = 61*p + 256. Calculate the remainder when 399 is divided by i(-2).
131
Let f = -9 - -16. Let a(b) = -2*b**2 - 11*b - 4. Suppose -2*t - 4*u + 10 = -8*u, -5*t + u = 11. Calculate the remainder when a(t) is divided by f.
4
Suppose -3*f + 30 = 2*j, f + 5*j = 3*j + 6. Let c(x) = -x + 31. Calculate the remainder when f is divided by c(19).
0
Suppose 2*m + 2247 - 2287 = 0. Calculate the remainder when m is divided by -9*4/12*-5.
5
Suppose -280 = -10*p + 840. Suppose p = 31*v - 27*v. Calculate the remainder when 361 is divided by v.
25
Calculate the remainder when (2668/(-2001))/(8/(-2322) - 0) is divided by 13.
10
Suppose f = 2*c + 11, 5*c = 3*c - 8. Let y = -96 + 67. Let x = y + 31. What is the remainder when f is divided by x?
1
Suppose -8*c + 23*c - 11660 = -29*c. What is the remainder when c is divided by 62?
17
Let d(g) = -3*g**3 - g**2 - 4*g - 6. Let j be d(-3). Let o = -50 + j. Calculate the remainder when o is divided by 13.
2
Let b = -254 + 257. Let d(y) = 3*y + 13. Calculate the remainder when 78 is divided by d(b).
12
Let v(y) = -y**3 - 8*y**2 + 3*y + 132. Calculate the remainder when 1370 is divided by v(-7).
6
Let t = -16 + 19. Let g(a) = 14*a**2 + 7. Calculate the remainder when g(t) is divided by 34.
31
Let s(l) = 0*l - 3*l + 18 + l. Let n = 1681 - 1675. Calculate the remainder when 19 is divided by s(n).
1
Let w = 802 + -1215. Let i = -288 - w. Calculate the remainder when i is divided by 22.
15
Let l(t) = 49*t**2 - 89*t + 264. What is the remainder when 1325 is divided by l(3)?
11
Suppose -11*u = -26*u - 285. Let o(s) = -s**2 - 17*s + 56. Let q(l) = -l + 123. Calculate the remainder when q(0) is divided by o(u).
15
Suppose 4*m - 11660 = -4*q, -5*q - 2*m = -7197 - 7399. What is the remainder when q is divided by 25?
22
Let q = 102 - -223. Suppose -3*o - 43 + q = 0. What is the remainder when o is divided by 25?
19
Suppose 112 = 2*l - h, 4*h = -17 + 1. Suppose 56*j - l*j = 80. Suppose -y + j = 2*y - n, y - 8 = 3*n. Calculate the remainder when 22 is divided by y.
8
Let v(t) = -t**3 + 7*t**2 + 6*t - 44. What is the remainder when v(-4) is divided by 25?
8
Suppose 7*j + 151 + 17 = 0. Let a be (-7)/((-14)/j) + 3. Calculate the remainder when 3 is divided by (a - -10)/(2 + (-2)/2).
0
What is the remainder when (6/9 - (-1661)/33)*13 is divided by 89?
40
Let r(j) = -3*j**2 + 3*j + 8. Let g be r(4). Let z be 4/((-16)/g) + -4. Suppose -y - 1 = 0, -4*n = n + z*y - 187. What is the remainder when n is divided by 13?
12
Let k(v) = -2*v**3 - 2*v**2 + 3. Let a = -52 - -57. Suppose a*h - 7*h - 4 = 0. What is the remainder when k(h) is divided by 7?
4
Suppose -17*p + 18 = -11*p. Suppose 0 = q - 3*n - 19 - 37, 5*q + p*n = 280. What is the remainder when 214 is divided by q?
46
Let j be 0 + 204 + (-2)/1. Suppose -36 = -2*o + j. What is the remainder when o is divided by ((-3)/4)/((-4)/160)?
29
Let q be ((-110)/15 + 6)*(-6)/4. Let s = -2 + 2. Calculate the remainder when -1 - (s + -29 - q) is divided by 11.
8
What is the remainder when 461 is divided by (-9 + 927/99)/((-4)/(-22))?
1
Suppose -60*x = -64*x - 5*s + 2526, -4*x + s = -2514. Calculate the remainder when 1264 is divided by x.
6
Suppose -4*z - i = -5290, -5314 = -101*z + 97*z - 5*i. Calculate the remainder when z is divided by 131.
11
Let i(f) = 59*f + 16. Let w(c) = c**3 - 14*c**2 - 15*c - 13. Let s be w(15). Let m = s + 58. Calculate the remainder when i(2) is divided by m.
44
Suppose 1875 = -11*z - 1590. Calculate the remainder when 135 is divided by (-627)/(-27) + -5*(-14)/z.
20
Let i be (-315420)/720 - (-1)/12. Let b = i - -442. Calculate the remainder when 9 is divided by b.
1
Let w(u) = u**3 - 10*u**2 + 10*u + 10. Let p(o) = -2*o + 47. Let c be p(19). Calculate the remainder when 63 is divided by w(c).
6
Let d(j) = -j. Let t = 78 + -81. Let i be d(t). Suppose i*o = -23 + 107. What is the remainder when 52 is divided by o?
24
Let a = -484 + 612. What is the remainder when 396 is divided by a?
12
Let q = 8888 - 8808. What is the remainder when 403 is divided by q?
3
Suppose -5*k - 2*w + 3*w = -190, -2*k + 76 = w. Let b = -16 + k. Let i = 3542 - 3433. Calculate the remainder when i is divided by b.
21
Suppose 4*s = 5*x - 0*s - 20, -3*s = 4*x - 47. Suppose 2*o + x = 0, 2*g + g - o = 406. What is the remainder when g is divided by 47?
40
Let n(a) = -a**3 + 25*a**2 - 126*a + 38. Calculate the remainder when 1366 is divided by n(7).
36
Suppose 274*k - 271*k + 5*c = 14837, 29639 = 6*k + 5*c. What is the remainder when k is divided by 8?
6
Suppose 0 = 73*d - 100*d + 13338. Calculate the remainder when d is divided by 217.
60
Suppose -210*a + 103*a + 578335 = 0. What is the remainder when a is divided by 26?
23
Suppose -10*h = -7 - 13. Let a(z) = -z + 13 + z**3 + 12 - 5*z**2 + 4*z**h. Calculate the remainder when a(0) is divided by 15.
10
Let k = 155 + -143. Let m(w) = 77*w. Let u be m(2). Let b = u + -88. Calculate the remainder when b is divided by k.
6
Let r = -183 + 201. Suppose -r*n = -5*n - 2483. Calculate the remainder when n is divided by 6.
5
Let b = 102 - 96. Suppose -b*k - 374 = -752. Calculate the remainder when k is divided by 31.
1
Let p be (1*-3)/(8/((-96)/(-18))). Let q be p/(-8) + 231/(-12). What is the remainder when (-5 - q) + (3 - (4 - 1)) is divided by 4?
2
What is the remainder when 520 is divided by (2168/(-16))/((-4)/8) - 3?
252
Let l = -447 - -523. Suppose -l = 9*i - 37